se 8*d = 445 + 347. Calculate the remainder when d is divided by 34.
31
Suppose 324 = 5*i + i. What is the remainder when i is divided by 14?
12
Suppose 7*m = 3*m + 20, 3*m = 5*p - 750. Let k = p - 102. Suppose 0 = 4*x + 3 - k. What is the remainder when 33 is divided by x?
9
Let f = 9 + -14. Let c(h) = 3*h**2 + 10*h - 10. What is the remainder when c(f) is divided by 5?
0
Suppose -5*b - j = -3*b - 124, -5*b = 5*j - 310. Let d = 25 + -42. Let a = d - -30. What is the remainder when b is divided by a?
10
Suppose 0*o - 4 = -2*o. Suppose 5*y - 24 = -o*u, -2*u = 3*u + 2*y - 60. Calculate the remainder when 1 + 2*(-162)/(-4) is divided by u.
10
Suppose 11*o + 33*o - 1760 = 0. Calculate the remainder when o is divided by 1 - ((-6)/1 + -2).
4
Let f = -10084 - -10097. Let i(q) = -q**3 - 5*q**2 - 2*q - 5. Suppose 3*a = -0*a - 15. What is the remainder when f is divided by i(a)?
3
Let w(g) = 3*g + 1. What is the remainder when 56 is divided by w(6)?
18
Suppose 5*j - 67 - 23 = 0. What is the remainder when j is divided by 12?
6
Let w(h) = -4*h - 1. Suppose -19*k + 6 = -17*k. Suppose 107 = k*s + 2*b, 5*b + 55 + 24 = 3*s. What is the remainder when s is divided by w(-2)?
5
Calculate the remainder when 528*(-5 - 0)*1/(-4) is divided by 13.
10
Suppose -4 - 21 = -5*m. Suppose m*w - 14 - 6 = 0. Suppose -14 - 242 = -w*s. What is the remainder when s is divided by 22?
20
Suppose 0 = 2*p - p - 18. Let t = 25 - p. Suppose 0 = 4*u - 5*m - 28, -8*u = -10*u - m. What is the remainder when t is divided by u?
1
Suppose 158*r - 297 = 155*r. Suppose -68 = -4*g - 4*z, 2*g - 3*z = g + 17. Calculate the remainder when r is divided by g.
14
Calculate the remainder when 117 is divided by ((-3)/7 - 1)/(1/(-14)).
17
Suppose 0 = -2*c + 3*j + 38, -2*c - c + 79 = j. What is the remainder when 64 is divided by c?
14
Let g = -466 + 791. What is the remainder when g is divided by 86?
67
Suppose 0*u = -5*u + 115. Let d be 1*(0 + u) + 3. Suppose 5 + 1 = -2*s, 5*s + d = g. What is the remainder when 31 is divided by g?
9
Let a(i) = 75*i + 29. Let d = 26 - 11. What is the remainder when a(0) is divided by d?
14
Let d(a) = 31*a + 1. What is the remainder when (-2290)/(-25) + (-20)/(-50) is divided by d(1)?
28
Let j(p) = -12*p + 3. Suppose 3*o - 13 = -2*s + 10, -s = -4. Let i = o + -7. Calculate the remainder when 51 is divided by j(i).
24
Let x be 4/10 + 4/(-10). Suppose -3*i - 2*c = 2*i - 692, x = 2*i - 5*c - 271. Suppose 11*z - 160 = 225. What is the remainder when i is divided by z?
33
Let f(j) = j**3 - j**2 - j + 1. Let o be f(2). Suppose -2*b = 3*g - 24, 2*b = -5*g + o*b + 40. What is the remainder when g is divided by 3/(-6)*1*-4?
0
Suppose 0 = -5*n + 2*w + 340, -11*n = -9*n + w - 136. What is the remainder when 1155 is divided by n?
67
Suppose 0 = -2*k + 5*z + 848, 0*k + 4*z = 2*k - 846. Let l = k + -290. Calculate the remainder when l is divided by 13.
12
Let l(r) = -2*r + 30. Calculate the remainder when 68 is divided by l(3).
20
Let r be 13/2 - (-17)/68*10. Let s be (0 - -27)*(2 - 1). Suppose s = r*k - 8*k. What is the remainder when k is divided by 10?
7
Let s be 1/((-12)/9*9/(-24)). Calculate the remainder when (-84)/(5 - 11) - 0/s is divided by 5.
4
Suppose 2*j - j - 6 = -2*p, 0 = -2*j + 4*p + 28. Suppose 4*k + 4*s - 32 = 2*k, 0 = 2*k + 3*s - 33. What is the remainder when k is divided by j?
8
What is the remainder when 456 is divided by (5/((-60)/(-27)))/(28/112)?
6
Let k(s) = -s**2 - 73*s + 1883. Let j(r) = 11*r**2 + 2*r + 3. What is the remainder when j(-2) is divided by k(-93)?
20
Let w(h) = -2*h + 40. Let u(v) = v**2 - 8*v - 10. Calculate the remainder when w(-24) is divided by u(11).
19
Calculate the remainder when (-975)/50*(28/(-3))/7 is divided by 2/3*39/2.
0
Let w = -91 - -116. What is the remainder when w is divided by 9?
7
Suppose -2*h + 4*h = -5*y + 405, 2*h - 2*y = 426. What is the remainder when h is divided by 54?
48
Suppose -m + w - 4*w + 35 = 0, -3*m + 50 = -2*w. Suppose 4*c = 130 + 106. Calculate the remainder when c is divided by m.
19
Suppose 2*w - 6*w = -228. Let p = -9 + 9. Suppose p = 3*x - 6*x + 60. What is the remainder when w is divided by x?
17
Suppose -3*w - 3*w + 126 = 0. Suppose -5*b - 16 + 61 = 0. Suppose -186 = 6*a - b*a. What is the remainder when a is divided by w?
20
Suppose -y + 35 = 5*q, y - 4 = -2*q + 10. Let t = 68 + -27. Calculate the remainder when t is divided by q.
6
Let t = -26 + 33. Let h(l) = 3*l**2 + 15*l - 9. Let g(v) = v**2 + v - 1. Let s(j) = -4*g(j) + h(j). Calculate the remainder when s(t) is divided by 6.
5
Let i be 12/3 - (-3 - -1). Let m be 166*3/i - 1. Suppose 422 = 5*k + m. Calculate the remainder when k is divided by 23.
22
Suppose -2*d - 1248 = 5*j, 6*j + 5*d + 1260 = j. What is the remainder when j/(-6 + (7 - 3)) is divided by 18?
16
Let j(f) = -2*f**3 + 25*f**2 - 27*f + 33. What is the remainder when j(11) is divided by 45?
9
Suppose 2*o + 3 - 33 = 0. Suppose -3 = 2*j - o. What is the remainder when 39 is divided by j?
3
Let n(l) be the third derivative of -l**2 + 0*l - 7/3*l**3 + 0 + 1/6*l**4. What is the remainder when n(12) is divided by 12?
10
Suppose -g + 4*p - 14 = 2*g, 3*g = p + 1. Suppose 3*k = 2*k + g. Suppose 2 = -k*m + 8. Calculate the remainder when 6 is divided by m.
0
Let n be 0 + 4 + -4 - -11. Let t(h) = -h**3 + 12*h**2 - 7*h + 2. Suppose -60 = 3*j - 8*j. What is the remainder when t(n) is divided by j?
10
Let r be ((-4)/(-16))/((-1)/(-28)). Suppose -12 - r = -q. Calculate the remainder when 34 is divided by q.
15
Suppose -11*l - 3 = -14*l. Let n = l - -14. What is the remainder when 44 is divided by n?
14
Let a(o) = 0*o - 6*o**2 + 14*o**2 - 7*o**2 - 4*o - 22. Calculate the remainder when a(-7) is divided by 14.
13
Let w = 329 + -315. Suppose -11 = -x + 29. What is the remainder when x is divided by w?
12
Let l = 254 - 185. What is the remainder when l is divided by 31?
7
Let y = 21 - 18. Suppose 0*r - z = y*r - 13, -15 = -5*r + 5*z. Let q = r + 6. What is the remainder when 16 is divided by q?
6
Let k be 30/4 - 2/4. Suppose 0 = 3*v + k + 2. Calculate the remainder when 1/(v - (-128)/42) is divided by 6.
3
Let h be (-18)/(-117) + 360/26. Let r = h + -2. Suppose 0 = d - 4*d + 105. Calculate the remainder when d is divided by r.
11
Let j = -158 + 74. Let w be 5/2*j/(-70). Let l(s) = s**2. What is the remainder when 25 is divided by l(w)?
7
Calculate the remainder when 14 is divided by 14 - 13 - (-11 + 2 + 3).
0
Let d = -357 - -388. What is the remainder when 101 is divided by d?
8
Suppose 0 = c + 2*v - 15, 3*c + 0*v - 47 = -4*v. Suppose 5*i - 145 = 3*t - 8*t, 3*i - 115 = 4*t. What is the remainder when i is divided by c?
16
Let m be 2/4*(1 + -51). Let v = 49 + m. Suppose -5*k - 48 - 14 = -4*w, -5*w + 63 = k. What is the remainder when v is divided by w?
11
Suppose 4*v + 113 = -5*a, 64 = -4*v + 2*v - 4*a. Let k = -12 - v. Let h = -8 + 22. Calculate the remainder when h is divided by k.
4
Let h = 4248 - 4210. Calculate the remainder when (0 - 2) + (1 - -76) is divided by h.
37
Let l(w) = w**2. Let y(i) = -4*i**2 + 6*i - 7. Let u = -1 + 2. Let r(k) = u*y(k) + 5*l(k). What is the remainder when 79 is divided by r(-9)?
19
Suppose y - 4*x = 15, 3*y + 20 = 5*y + 2*x. Suppose -y = 3*p - 2. What is the remainder when 47 is divided by (-24)/36 + (-38)/p?
11
Suppose d + 16 = 5*d, -148 = 5*f + 3*d. Let a be (20/(-8))/(-5)*f. What is the remainder when 7 is divided by 8/20 - a/10?
1
Let c = 58 - 52. Suppose c*n - 90 = 366. Calculate the remainder when n is divided by 20.
16
Suppose 440 = 21*k + k. What is the remainder when 159 is divided by k?
19
Suppose -6*v = -176 - 292. Calculate the remainder when v is divided by (-6)/(-21) + (-122)/(-14).
6
Let h(j) = 21*j - 754. What is the remainder when 85 is divided by h(38)?
41
Let k be 1*3 + (8 - 2). Let g be k/(-3) + (5 - 2). Suppose g = 5*o - 7 - 58. What is the remainder when o is divided by 4?
1
Let x = -175 - -198. What is the remainder when x is divided by 4?
3
Calculate the remainder when 7 is divided by (-22)/(-2) + -3 + -4.
3
Suppose -967 = -5*a - 202. Calculate the remainder when a is divided by ((-330)/(-12))/(35/28).
21
Let w be (134/4)/((-3)/(-6)). Suppose -w = -5*u - 2*i, 4*u - 3*i - 53 = -4*i. Let g(m) = -10*m. What is the remainder when g(-2) is div